en 8390852 is divided by 1398469?
38
What is the remainder when 19308262 is divided by 17714?
2
Calculate the remainder when 1132139 is divided by 51.
41
What is the remainder when 301990 is divided by 21416?
2166
Calculate the remainder when 128300 is divided by 2290.
60
Calculate the remainder when 1561513 is divided by 80.
73
What is the remainder when 122319 is divided by 61079?
161
What is the remainder when 35278489 is divided by 4062?
19
What is the remainder when 5906107 is divided by 150?
7
What is the remainder when 698215 is divided by 698171?
44
Calculate the remainder when 1811869 is divided by 324.
61
What is the remainder when 83221 is divided by 694?
635
What is the remainder when 97075165 is divided by 544?
541
Calculate the remainder when 1505789 is divided by 495.
494
What is the remainder when 2422796 is divided by 658?
40
What is the remainder when 32500921 is divided by 149?
147
What is the remainder when 358127863 is divided by 765?
763
Calculate the remainder when 5582146 is divided by 12.
10
Calculate the remainder when 21471879 is divided by 699.
696
Calculate the remainder when 2068977 is divided by 38314.
21
What is the remainder when 996339 is divided by 996336?
3
What is the remainder when 1727838 is divided by 251?
205
What is the remainder when 85331 is divided by 6358?
2677
What is the remainder when 2352 is divided by 211?
31
Calculate the remainder when 796467 is divided by 398186.
95
What is the remainder when 131646903 is divided by 636?
627
Calculate the remainder when 3281995 is divided by 72.
19
Calculate the remainder when 38220 is divided by 7460.
920
What is the remainder when 36291 is divided by 36?
3
What is the remainder when 4085888 is divided by 18?
14
What is the remainder when 632832 is divided by 210842?
306
Calculate the remainder when 143666 is divided by 6.
2
What is the remainder when 14159771 is divided by 9153?
80
Calculate the remainder when 18497676 is divided by 38617.
133
What is the remainder when 29030 is divided by 7205?
210
What is the remainder when 36156 is divided by 7170?
306
Calculate the remainder when 1671407 is divided by 98.
17
What is the remainder when 373637 is divided by 44?
33
What is the remainder when 4504789 is divided by 283?
278
Calculate the remainder when 134356265 is divided by 505.
5
Calculate the remainder when 2154651 is divided by 4842.
4803
Calculate the remainder when 1353519 is divided by 1384.
1351
Calculate the remainder when 817700 is divided by 4874.
3742
What is the remainder when 95923228 is divided by 335?
333
Calculate the remainder when 2999659 is divided by 2999656.
3
What is the remainder when 1061498 is divided by 567?
74
What is the remainder when 15589 is divided by 15540?
49
Calculate the remainder when 8660919 is divided by 4725.
4719
What is the remainder when 184659 is divided by 16767?
222
Calculate the remainder when 151441 is divided by 1183.
17
What is the remainder when 955113 is divided by 4615?
4423
What is the remainder when 1352921 is divided by 208?
89
Calculate the remainder when 10087595 is divided by 3362473.
176
What is the remainder when 1630242 is divided by 1391?
1381
What is the remainder when 107567 is divided by 52658?
2251
Calculate the remainder when 3652378 is divided by 14267.
26
What is the remainder when 6121204 is divided by 1204?
68
Calculate the remainder when 31646954 is divided by 2183.
3
Calculate the remainder when 1766037 is divided by 1430.
1417
Calculate the remainder when 45452097 is divided by 187818.
141
Calculate the remainder when 5068326 is divided by 33563.
313
What is the remainder when 12611508 is divided by 4203821?
45
What is the remainder when 863252 is divided by 267?
41
What is the remainder when 13116294 is divided by 51?
12
Calculate the remainder when 262437 is divided by 3007.
828
What is the remainder when 410047 is divided by 7069?
45
What is the remainder when 11579332 is divided by 11579315?
17
What is the remainder when 24044818 is divided by 24044814?
4
What is the remainder when 194998 is divided by 24370?
38
What is the remainder when 73568038 is divided by 337468?
14
Calculate the remainder when 133281 is divided by 19032.
57
Calculate the remainder when 15855965 is divided by 254.
15
What is the remainder when 1181658 is divided by 2599?
1712
What is the remainder when 308082 is divided by 911?
164
What is the remainder when 286689 is divided by 57268?
349
What is the remainder when 184260 is divided by 159?
138
Calculate the remainder when 1748283 is divided by 2040.
3
What is the remainder when 49698283 is divided by 16?
11
What is the remainder when 102276 is divided by 65?
31
Calculate the remainder when 475552 is divided by 92.
4
What is the remainder when 18047638 is divided by 5023?
5022
Calculate the remainder when 1190766 is divided by 1116.
1110
What is the remainder when 7791615 is divided by 2441?
2384
What is the remainder when 1476440 is divided by 413?
378
Calculate the remainder when 2017210 is divided by 106.
30
What is the remainder when 5130036 is divided by 4128?
3060
What is the remainder when 14431428 is divided by 56?
4
Calculate the remainder when 11106 is divided by 8577.
2529
What is the remainder when 22421006 is divided by 170?
46
Calculate the remainder when 1104943 is divided by 5258.
763
What is the remainder when 134479 is divided by 122506?
11973
Calculate the remainder when 715643 is divided by 816.
11
What is the remainder when 791553 is divided by 82?
7
What is the remainder when 291837410 is divided by 1469?
1463
Calculate the remainder when 682575 is divided by 25280.
15
What is the remainder when 111403 is divided by 18496?
427
What is the remainder when 357800 is divided by 1934?
10
Calculate the remainder when 177170966 is divided by 2626.
2624
Calculate the remainder when 664041 is divided by 1057.
245
Calculate the remainder when 24679 is divided by 24069.
610
What is the remainder when 14309 is divided by 1197?
1142
What is the remainder when 11165708 is divided by 446628?
8
What is the remainder when 36394462 is divided by 558?
28
Calculate the remainder when 109686 is divided by 588.
318
What is the remainder when 47451 is divided by 6766?
89
What is the remainder when 9515 is divided by 9144?
371
What is the remainder when 6572957 is divided by 51?
26
Calculate the remainder when 3127731 is divided by 231.
222
Calculate the remainder when 13253 is divided by 4077.
1022
Calculate the remainder when 437461486 is divided by 899.
894
What is the remainder when 29779422 is divided by 132?
90
What is the remainder when 106533599 is divided by 600?
599
Calculate the remainder when 2209357 is divided by 552296.
173
Calculate the remainder when 1601896 is divided by 47.
42
What is the remainder when 47948825 is divided by 236?
233
Calculate the remainder when 674490 is divided by 8647.
24
What is the remainder when 216323 is divided by 54077?
15
What is the remainder when 5508847 is divided by 7054?
6727
Calculate the remainder when 13356417 is divided by 527.
129
Calculate the remainder when 1235962 is divided by 11870.
1482
What is the remainder when 26203 is divided by 10417?
5369
What is the remainder when 16346511 is divided by 908137?
45
Calculate the remainder when 73679968 is divided by 1970.
1968
What is the remainder when 6886185 is divided by 1377232?
25
Calculate the remainder when 612651 is divided by 612460.
191
What is the remainder when 1506639 is divided by 232?
31
Calculate the remainder when 3258578 is divided by 217237.
23
What is the remainder when 266376 is divided by 266376?
0
Calculate the remainder when 14509 is divided by 14172.
337
What is the remainder when 84691 is divided by 1714?
705
What is the remainder when 1333720 is divided by 2526?
2518
What is the remainder when 8994621 is divided by 1284938?
55
Calculate the remainder when 406958 is divided by 90.
68
Calculate the remainder when 50433246 is divided by 249.
39
Calculate the remainder when 256614 is divided by 1728.
870
Calculate the remainder when 93504 is divided by 1250.
1004
Calculate the remainder when 717771 is divided by 6356.
5899
Calculate the remainder when 88545515 is divided by 1675.
1665
Calculate the remainder when 990449 is div